{"id":8098,"date":"2022-03-27T15:11:14","date_gmt":"2022-03-27T12:11:14","guid":{"rendered":"https:\/\/ayyildizgida.com.tr\/?page_id=8098"},"modified":"2022-03-30T16:09:47","modified_gmt":"2022-03-30T13:09:47","slug":"urunlerimiz","status":"publish","type":"page","link":"https:\/\/ayyildizgida.com.tr\/index.php\/urunlerimiz\/","title":{"rendered":"\u00dcr\u00fcnlerimiz"},"content":{"rendered":"<p>[vc_row css=&#8221;.vc_custom_1648393851824{margin-bottom: 0px !important;padding-bottom: 0px !important;}&#8221; mobile_bg_img_hidden=&#8221;no&#8221; tablet_bg_img_hidden=&#8221;no&#8221; woodmart_parallax=&#8221;0&#8243; woodmart_gradient_switch=&#8221;no&#8221; row_reverse_mobile=&#8221;0&#8243; row_reverse_tablet=&#8221;0&#8243; woodmart_disable_overflow=&#8221;0&#8243;][vc_column 0=&#8221;&#8221; width=&#8221;5\/6&#8243; offset=&#8221;vc_col-lg-offset-1 vc_col-md-offset-1 vc_col-sm-offset-1 vc_col-xs-12&#8243;]\t\t\n\t\t<div id=\"wd-62407e7bc80df\" class=\"title-wrapper wd-wpb set-mb-s reset-last-child  wd-title-color-default wd-title-style-default wd-width-100 text-center \">\n\t\t\t\n\t\t\t<div class=\"liner-continer\">\n\t\t\t\t<h4 class=\"woodmart-title-container title  wd-font-weight- wd-fontsize-xxl\" >\u00dcR\u00dcNLER\u0130M\u0130Z<\/h4>\n\t\t\t\t\t\t\t<\/div>\n\t\t\t\n\t\t\t\n\t\t\t\t\t<\/div>\n\t\t\n\t\t<div class=\"wd-products-element wd-highlighted-products wd-wpb\">\n\t\t\n\t\t<div class=\"products elements-grid align-items-start row wd-products-holder  grid-columns-4 pagination-\" data-paged=\"1\" data-atts=\"{&quot;element_title&quot;:&quot;&quot;,&quot;post_type&quot;:&quot;product&quot;,&quot;layout&quot;:&quot;grid&quot;,&quot;include&quot;:&quot;&quot;,&quot;custom_query&quot;:&quot;&quot;,&quot;taxonomies&quot;:&quot;43&quot;,&quot;pagination&quot;:&quot;&quot;,&quot;items_per_page&quot;:&quot;8&quot;,&quot;product_hover&quot;:&quot;quick&quot;,&quot;spacing&quot;:&quot;20&quot;,&quot;columns&quot;:&quot;4&quot;,&quot;sale_countdown&quot;:&quot;0&quot;,&quot;stock_progress_bar&quot;:&quot;0&quot;,&quot;highlighted_products&quot;:&quot;1&quot;,&quot;products_bordered_grid&quot;:&quot;1&quot;,&quot;product_quantity&quot;:0,&quot;offset&quot;:&quot;&quot;,&quot;orderby&quot;:&quot;&quot;,&quot;query_type&quot;:&quot;OR&quot;,&quot;order&quot;:&quot;&quot;,&quot;meta_key&quot;:&quot;&quot;,&quot;exclude&quot;:&quot;&quot;,&quot;class&quot;:&quot;&quot;,&quot;ajax_page&quot;:&quot;&quot;,&quot;speed&quot;:&quot;5000&quot;,&quot;slides_per_view&quot;:&quot;4&quot;,&quot;wrap&quot;:&quot;&quot;,&quot;autoplay&quot;:&quot;no&quot;,&quot;center_mode&quot;:&quot;no&quot;,&quot;hide_pagination_control&quot;:&quot;&quot;,&quot;hide_prev_next_buttons&quot;:&quot;&quot;,&quot;scroll_per_page&quot;:&quot;yes&quot;,&quot;carousel_js_inline&quot;:&quot;no&quot;,&quot;img_size&quot;:&quot;200x100&quot;,&quot;force_not_ajax&quot;:&quot;no&quot;,&quot;products_masonry&quot;:&quot;&quot;,&quot;products_different_sizes&quot;:&quot;&quot;,&quot;lazy_loading&quot;:&quot;no&quot;,&quot;scroll_carousel_init&quot;:&quot;no&quot;,&quot;el_class&quot;:&quot;&quot;,&quot;shop_tools&quot;:&quot;no&quot;}\" data-source=\"shortcode\" data-columns=\"4\"><div class=\"product-grid-item product wd-hover-quick  col-md-3 col-sm-4 col-6 first  type-product post-3534 status-publish onbackorder product_cat-urunler has-post-thumbnail shipping-taxable product-type-simple\" data-loop=\"1\" data-id=\"3534\">\n\n\t\n<div class=\"product-element-top\">\n\t<a href=\"https:\/\/ayyildizgida.com.tr\/index.php\/urun\/hamburger-ekmek\/\" class=\"product-image-link\">\n\t\t<img class=\"content-product-image \" src=\"https:\/\/ayyildizgida.com.tr\/wp-content\/uploads\/2021\/06\/unnamed-200x100.jpg\" width=\"200\" height=\"100\" alt=\"\" title=\"\" \/>\t<\/a>\n\t\t<div class=\"wd-buttons wd-pos-r-t\">\n\t\t\t\t\t\t\t\t\t<div class=\"quick-view wd-action-btn wd-style-icon wd-quick-view-icon\">\n\t\t\t\t<a \n\t\t\t\t\thref=\"https:\/\/ayyildizgida.com.tr\/index.php\/urun\/hamburger-ekmek\/\" \n\t\t\t\t\tclass=\"open-quick-view quick-view-button\"\n\t\t\t\t\tdata-id=\"3534\">Quick view<\/a>\n\t\t\t<\/div>\n\t\t\t\t\t<\/div>\n\n\t<div class=\"wd-add-btn wd-add-btn-replace\">\n\t\t\n\t\t\t<\/div>\n\t\t\t\t<div class=\"quick-shop-wrapper wd-fill wd-scroll\">\n\t\t\t\t<div class=\"quick-shop-close wd-action-btn wd-style-text wd-cross-icon\"><a href=\"#\" rel=\"nofollow noopener\">Close<\/a><\/div>\n\t\t\t\t<div class=\"quick-shop-form wd-scroll-content\">\n\t\t\t\t<\/div>\n\t\t\t<\/div>\n\t\t<\/div>\n\n\n\n\n\n<\/div>\t\n<div class=\"product-grid-item product wd-hover-quick  col-md-3 col-sm-4 col-6 type-product post-3536 status-publish onbackorder product_cat-urunler has-post-thumbnail shipping-taxable product-type-simple\" data-loop=\"2\" data-id=\"3536\">\n\n\t\n<div class=\"product-element-top\">\n\t<a href=\"https:\/\/ayyildizgida.com.tr\/index.php\/urun\/kepekli-ekmek\/\" class=\"product-image-link\">\n\t\t<img class=\"content-product-image \" src=\"https:\/\/ayyildizgida.com.tr\/wp-content\/uploads\/2021\/06\/kepekli-ekmek-200x100.jpg\" width=\"200\" height=\"100\" alt=\"kepekli-ekmek\" title=\"kepekli-ekmek\" \/>\t<\/a>\n\t\t<div class=\"wd-buttons wd-pos-r-t\">\n\t\t\t\t\t\t\t\t\t<div class=\"quick-view wd-action-btn wd-style-icon wd-quick-view-icon\">\n\t\t\t\t<a \n\t\t\t\t\thref=\"https:\/\/ayyildizgida.com.tr\/index.php\/urun\/kepekli-ekmek\/\" \n\t\t\t\t\tclass=\"open-quick-view quick-view-button\"\n\t\t\t\t\tdata-id=\"3536\">Quick view<\/a>\n\t\t\t<\/div>\n\t\t\t\t\t<\/div>\n\n\t<div class=\"wd-add-btn wd-add-btn-replace\">\n\t\t\n\t\t\t<\/div>\n\t\t\t\t<div class=\"quick-shop-wrapper wd-fill wd-scroll\">\n\t\t\t\t<div class=\"quick-shop-close wd-action-btn wd-style-text wd-cross-icon\"><a href=\"#\" rel=\"nofollow noopener\">Close<\/a><\/div>\n\t\t\t\t<div class=\"quick-shop-form wd-scroll-content\">\n\t\t\t\t<\/div>\n\t\t\t<\/div>\n\t\t<\/div>\n\n\n\n\n\n<\/div>\t\n<div class=\"product-grid-item product wd-hover-quick  col-md-3 col-sm-4 col-6 type-product post-3532 status-publish last onbackorder product_cat-urunler has-post-thumbnail shipping-taxable product-type-simple\" data-loop=\"3\" data-id=\"3532\">\n\n\t\n<div class=\"product-element-top\">\n\t<a href=\"https:\/\/ayyildizgida.com.tr\/index.php\/urun\/papatya-ekmek\/\" class=\"product-image-link\">\n\t\t<img class=\"content-product-image \" src=\"https:\/\/ayyildizgida.com.tr\/wp-content\/uploads\/2021\/06\/0119156_papatya-ekmek-adet_320-200x100.jpeg\" width=\"200\" height=\"100\" alt=\"\" title=\"\" \/>\t<\/a>\n\t\t<div class=\"wd-buttons wd-pos-r-t\">\n\t\t\t\t\t\t\t\t\t<div class=\"quick-view wd-action-btn wd-style-icon wd-quick-view-icon\">\n\t\t\t\t<a \n\t\t\t\t\thref=\"https:\/\/ayyildizgida.com.tr\/index.php\/urun\/papatya-ekmek\/\" \n\t\t\t\t\tclass=\"open-quick-view quick-view-button\"\n\t\t\t\t\tdata-id=\"3532\">Quick view<\/a>\n\t\t\t<\/div>\n\t\t\t\t\t<\/div>\n\n\t<div class=\"wd-add-btn wd-add-btn-replace\">\n\t\t\n\t\t\t<\/div>\n\t\t\t\t<div class=\"quick-shop-wrapper wd-fill wd-scroll\">\n\t\t\t\t<div class=\"quick-shop-close wd-action-btn wd-style-text wd-cross-icon\"><a href=\"#\" rel=\"nofollow noopener\">Close<\/a><\/div>\n\t\t\t\t<div class=\"quick-shop-form wd-scroll-content\">\n\t\t\t\t<\/div>\n\t\t\t<\/div>\n\t\t<\/div>\n\n\n\n\n\n<\/div>\t\n<div class=\"product-grid-item product wd-hover-quick  col-md-3 col-sm-4 col-6 last  type-product post-3538 status-publish first onbackorder product_cat-urunler has-post-thumbnail shipping-taxable product-type-simple\" data-loop=\"4\" data-id=\"3538\">\n\n\t\n<div class=\"product-element-top\">\n\t<a href=\"https:\/\/ayyildizgida.com.tr\/index.php\/urun\/roll-ekmek\/\" class=\"product-image-link\">\n\t\t<img class=\"content-product-image \" src=\"https:\/\/ayyildizgida.com.tr\/wp-content\/uploads\/2021\/06\/roll-ekmek-200x100.jpg\" width=\"200\" height=\"100\" alt=\"roll-ekmek\" title=\"roll-ekmek\" \/>\t<\/a>\n\t\t<div class=\"wd-buttons wd-pos-r-t\">\n\t\t\t\t\t\t\t\t\t<div class=\"quick-view wd-action-btn wd-style-icon wd-quick-view-icon\">\n\t\t\t\t<a \n\t\t\t\t\thref=\"https:\/\/ayyildizgida.com.tr\/index.php\/urun\/roll-ekmek\/\" \n\t\t\t\t\tclass=\"open-quick-view quick-view-button\"\n\t\t\t\t\tdata-id=\"3538\">Quick view<\/a>\n\t\t\t<\/div>\n\t\t\t\t\t<\/div>\n\n\t<div class=\"wd-add-btn wd-add-btn-replace\">\n\t\t\n\t\t\t<\/div>\n\t\t\t\t<div class=\"quick-shop-wrapper wd-fill wd-scroll\">\n\t\t\t\t<div class=\"quick-shop-close wd-action-btn wd-style-text wd-cross-icon\"><a href=\"#\" rel=\"nofollow noopener\">Close<\/a><\/div>\n\t\t\t\t<div class=\"quick-shop-form wd-scroll-content\">\n\t\t\t\t<\/div>\n\t\t\t<\/div>\n\t\t<\/div>\n\n\n\n\n\n<\/div>\t\n<div class=\"product-grid-item product wd-hover-quick  col-md-3 col-sm-4 col-6 first  type-product post-3540 status-publish onbackorder product_cat-urunler has-post-thumbnail shipping-taxable product-type-simple\" data-loop=\"5\" data-id=\"3540\">\n\n\t\n<div class=\"product-element-top\">\n\t<a href=\"https:\/\/ayyildizgida.com.tr\/index.php\/urun\/sandevic-ekmek\/\" class=\"product-image-link\">\n\t\t<img class=\"content-product-image \" src=\"https:\/\/ayyildizgida.com.tr\/wp-content\/uploads\/2021\/06\/indir-200x100.jpg\" width=\"200\" height=\"100\" alt=\"\" title=\"\" \/>\t<\/a>\n\t\t<div class=\"wd-buttons wd-pos-r-t\">\n\t\t\t\t\t\t\t\t\t<div class=\"quick-view wd-action-btn wd-style-icon wd-quick-view-icon\">\n\t\t\t\t<a \n\t\t\t\t\thref=\"https:\/\/ayyildizgida.com.tr\/index.php\/urun\/sandevic-ekmek\/\" \n\t\t\t\t\tclass=\"open-quick-view quick-view-button\"\n\t\t\t\t\tdata-id=\"3540\">Quick view<\/a>\n\t\t\t<\/div>\n\t\t\t\t\t<\/div>\n\n\t<div class=\"wd-add-btn wd-add-btn-replace\">\n\t\t\n\t\t\t<\/div>\n\t\t\t\t<div class=\"quick-shop-wrapper wd-fill wd-scroll\">\n\t\t\t\t<div class=\"quick-shop-close wd-action-btn wd-style-text wd-cross-icon\"><a href=\"#\" rel=\"nofollow noopener\">Close<\/a><\/div>\n\t\t\t\t<div class=\"quick-shop-form wd-scroll-content\">\n\t\t\t\t<\/div>\n\t\t\t<\/div>\n\t\t<\/div>\n\n\n\n\n\n<\/div>\t\n<div class=\"product-grid-item product wd-hover-quick  col-md-3 col-sm-4 col-6 type-product post-166 status-publish onbackorder product_cat-urunler has-post-thumbnail shipping-taxable product-type-simple\" data-loop=\"6\" data-id=\"166\">\n\n\t\n<div class=\"product-element-top\">\n\t<a href=\"https:\/\/ayyildizgida.com.tr\/index.php\/urun\/somun-ekmek\/\" class=\"product-image-link\">\n\t\t<img class=\"content-product-image \" src=\"https:\/\/ayyildizgida.com.tr\/wp-content\/uploads\/2020\/08\/5ea3e9d85542830ca0699880-200x100.jpg\" width=\"200\" height=\"100\" alt=\"\" title=\"\" \/>\t<\/a>\n\t\t<div class=\"wd-buttons wd-pos-r-t\">\n\t\t\t\t\t\t\t\t\t<div class=\"quick-view wd-action-btn wd-style-icon wd-quick-view-icon\">\n\t\t\t\t<a \n\t\t\t\t\thref=\"https:\/\/ayyildizgida.com.tr\/index.php\/urun\/somun-ekmek\/\" \n\t\t\t\t\tclass=\"open-quick-view quick-view-button\"\n\t\t\t\t\tdata-id=\"166\">Quick view<\/a>\n\t\t\t<\/div>\n\t\t\t\t\t<\/div>\n\n\t<div class=\"wd-add-btn wd-add-btn-replace\">\n\t\t\n\t\t\t<\/div>\n\t\t\t\t<div class=\"quick-shop-wrapper wd-fill wd-scroll\">\n\t\t\t\t<div class=\"quick-shop-close wd-action-btn wd-style-text wd-cross-icon\"><a href=\"#\" rel=\"nofollow noopener\">Close<\/a><\/div>\n\t\t\t\t<div class=\"quick-shop-form wd-scroll-content\">\n\t\t\t\t<\/div>\n\t\t\t<\/div>\n\t\t<\/div>\n\n\n\n\n\n<\/div>\t\n<div class=\"product-grid-item product wd-hover-quick  col-md-3 col-sm-4 col-6 type-product post-3542 status-publish last onbackorder product_cat-urunler has-post-thumbnail shipping-taxable product-type-simple\" data-loop=\"7\" data-id=\"3542\">\n\n\t\n<div class=\"product-element-top\">\n\t<a href=\"https:\/\/ayyildizgida.com.tr\/index.php\/urun\/tambugday-ekmek\/\" class=\"product-image-link\">\n\t\t<img class=\"content-product-image \" src=\"https:\/\/ayyildizgida.com.tr\/wp-content\/uploads\/2021\/06\/indir-1-200x100.jpg\" width=\"200\" height=\"100\" alt=\"\" title=\"\" \/>\t<\/a>\n\t\t<div class=\"wd-buttons wd-pos-r-t\">\n\t\t\t\t\t\t\t\t\t<div class=\"quick-view wd-action-btn wd-style-icon wd-quick-view-icon\">\n\t\t\t\t<a \n\t\t\t\t\thref=\"https:\/\/ayyildizgida.com.tr\/index.php\/urun\/tambugday-ekmek\/\" \n\t\t\t\t\tclass=\"open-quick-view quick-view-button\"\n\t\t\t\t\tdata-id=\"3542\">Quick view<\/a>\n\t\t\t<\/div>\n\t\t\t\t\t<\/div>\n\n\t<div class=\"wd-add-btn wd-add-btn-replace\">\n\t\t\n\t\t\t<\/div>\n\t\t\t\t<div class=\"quick-shop-wrapper wd-fill wd-scroll\">\n\t\t\t\t<div class=\"quick-shop-close wd-action-btn wd-style-text wd-cross-icon\"><a href=\"#\" rel=\"nofollow noopener\">Close<\/a><\/div>\n\t\t\t\t<div class=\"quick-shop-form wd-scroll-content\">\n\t\t\t\t<\/div>\n\t\t\t<\/div>\n\t\t<\/div>\n\n\n\n\n\n<\/div>\t\n<\/div><\/div>[\/vc_column][\/vc_row]<\/p>\n","protected":false},"excerpt":{"rendered":"<p>[vc_row css=&#8221;.vc_custom_1648393851824{margin-bottom: 0px !important;padding-bottom: 0px !important;}&#8221; mobile_bg_img_hidden=&#8221;no&#8221; tablet_bg_img_hidden=&#8221;no&#8221; woodmart_parallax=&#8221;0&#8243; woodmart_gradient_switch=&#8221;no&#8221; row_reverse_mobile=&#8221;0&#8243; row_reverse_tablet=&#8221;0&#8243; woodmart_disable_overflow=&#8221;0&#8243;][vc_column 0=&#8221;&#8221; width=&#8221;5\/6&#8243; offset=&#8221;vc_col-lg-offset-1 vc_col-md-offset-1 vc_col-sm-offset-1 vc_col-xs-12&#8243;][\/vc_column][\/vc_row]<\/p>\n","protected":false},"author":1,"featured_media":0,"parent":0,"menu_order":0,"comment_status":"closed","ping_status":"closed","template":"","meta":[],"_links":{"self":[{"href":"https:\/\/ayyildizgida.com.tr\/index.php\/wp-json\/wp\/v2\/pages\/8098"}],"collection":[{"href":"https:\/\/ayyildizgida.com.tr\/index.php\/wp-json\/wp\/v2\/pages"}],"about":[{"href":"https:\/\/ayyildizgida.com.tr\/index.php\/wp-json\/wp\/v2\/types\/page"}],"author":[{"embeddable":true,"href":"https:\/\/ayyildizgida.com.tr\/index.php\/wp-json\/wp\/v2\/users\/1"}],"replies":[{"embeddable":true,"href":"https:\/\/ayyildizgida.com.tr\/index.php\/wp-json\/wp\/v2\/comments?post=8098"}],"version-history":[{"count":2,"href":"https:\/\/ayyildizgida.com.tr\/index.php\/wp-json\/wp\/v2\/pages\/8098\/revisions"}],"predecessor-version":[{"id":8156,"href":"https:\/\/ayyildizgida.com.tr\/index.php\/wp-json\/wp\/v2\/pages\/8098\/revisions\/8156"}],"wp:attachment":[{"href":"https:\/\/ayyildizgida.com.tr\/index.php\/wp-json\/wp\/v2\/media?parent=8098"}],"curies":[{"name":"wp","href":"https:\/\/api.w.org\/{rel}","templated":true}]}}