{"id":8102,"date":"2022-03-27T15:16:03","date_gmt":"2022-03-27T12:16:03","guid":{"rendered":"https:\/\/ayyildizgida.com.tr\/?page_id=8102"},"modified":"2022-04-07T09:05:02","modified_gmt":"2022-04-07T06:05:02","slug":"firinimiz","status":"publish","type":"page","link":"https:\/\/ayyildizgida.com.tr\/index.php\/firinimiz\/","title":{"rendered":"F\u0131r\u0131n\u0131m\u0131z"},"content":{"rendered":"<p>[vc_row][vc_column]\t\t<div id=\"gallery_552\" class=\"wd-images-gallery wd-justify-center wd-items-middle view-masonry photoswipe-images\" >\n\t\t\t<div class=\"gallery-images row wd-spacing-10\">\n\t\t\t\t\t\t\t\t\t\t\t\t\t\t\t\t<\/div>\n\t\t<\/div>\n\t\t\t\t[\/vc_column][\/vc_row]<\/p>\n","protected":false},"excerpt":{"rendered":"<p>[vc_row][vc_column][\/vc_column][\/vc_row]<\/p>\n","protected":false},"author":1,"featured_media":0,"parent":0,"menu_order":0,"comment_status":"closed","ping_status":"closed","template":"","meta":[],"_links":{"self":[{"href":"https:\/\/ayyildizgida.com.tr\/index.php\/wp-json\/wp\/v2\/pages\/8102"}],"collection":[{"href":"https:\/\/ayyildizgida.com.tr\/index.php\/wp-json\/wp\/v2\/pages"}],"about":[{"href":"https:\/\/ayyildizgida.com.tr\/index.php\/wp-json\/wp\/v2\/types\/page"}],"author":[{"embeddable":true,"href":"https:\/\/ayyildizgida.com.tr\/index.php\/wp-json\/wp\/v2\/users\/1"}],"replies":[{"embeddable":true,"href":"https:\/\/ayyildizgida.com.tr\/index.php\/wp-json\/wp\/v2\/comments?post=8102"}],"version-history":[{"count":15,"href":"https:\/\/ayyildizgida.com.tr\/index.php\/wp-json\/wp\/v2\/pages\/8102\/revisions"}],"predecessor-version":[{"id":8192,"href":"https:\/\/ayyildizgida.com.tr\/index.php\/wp-json\/wp\/v2\/pages\/8102\/revisions\/8192"}],"wp:attachment":[{"href":"https:\/\/ayyildizgida.com.tr\/index.php\/wp-json\/wp\/v2\/media?parent=8102"}],"curies":[{"name":"wp","href":"https:\/\/api.w.org\/{rel}","templated":true}]}}